{"id":283,"date":"2020-04-18T11:46:09","date_gmt":"2020-04-18T11:46:09","guid":{"rendered":"http:\/\/geschichte.bibibo.info\/?page_id=283"},"modified":"2020-04-18T11:46:09","modified_gmt":"2020-04-18T11:46:09","slug":"duensbergverein","status":"publish","type":"page","link":"https:\/\/geschichte.bibibo.info\/?page_id=283","title":{"rendered":"D\u00fcnsbergverein"},"content":{"rendered":"\n<div class=\"wp-block-image\"><figure class=\"aligncenter size-large\"><img loading=\"lazy\" decoding=\"async\" width=\"307\" height=\"140\" src=\"https:\/\/geschichte.bibibo.info\/wp-content\/uploads\/2020\/04\/D\u00fcnsberg.png\" alt=\"\" class=\"wp-image-285\" srcset=\"https:\/\/geschichte.bibibo.info\/wp-content\/uploads\/2020\/04\/D\u00fcnsberg.png 307w, https:\/\/geschichte.bibibo.info\/wp-content\/uploads\/2020\/04\/D\u00fcnsberg-300x137.png 300w\" sizes=\"auto, (max-width: 307px) 100vw, 307px\" \/><figcaption>Der D\u00fcnsberg, ein Wahrzeichen Biebertals, Bild: Lindemann<\/figcaption><\/figure><\/div>\n\n\n\n<p>Auf der <a href=\"http:\/\/www.duensberg-verein.de\/startseite.htm\">Homepage des D\u00fcnsbergvereins<\/a>, der auf der Kuppe des Berges eine <a href=\"http:\/\/www.duensberg-verein.de\/raststaette.htm\">Rastst\u00e4tte <\/a>betreibt, finden sich Angaben zur Lage, Topographie, Geographie, Geschichte und der Technik des Fernmeldeturms sowie Bilder, ein Archiv und Ank\u00fcndigungen zu Aktivit\u00e4ten.<br>Zur Vermessung der Welt &#8211; dabei spielte der D\u00fcnsberg als herausgehobener Messpunkt eine Rolle &#8211; kann G\u00fcnter Leicht ausgiebig erzhalen.<br>Informatives zum Berg findet sich auch auf  <a href=\"https:\/\/de.wikipedia.org\/wiki\/D%C3%BCnsberg\">Wikipedia<\/a>, bei &#8222;<a href=\"https:\/\/www.ich-geh-wandern.de\/d%C3%BCnsberg\">ich geh wandern.de<\/a>&#8222;, mehrere Wanderwege auf <a href=\"https:\/\/de.wikiloc.com\/\">Wikiloc <\/a>unter dem Suchbegriff &#8222;Biebertal&#8220; oder beim Verein &#8222;<a href=\"https:\/\/www.verein-keltenwelten.de\/keltische-staetten\/biebertal-der-duensberg-bei-giessen\/\">Kelten-Welten<\/a>&#8222;<\/p>\n\n\n\n<p><strong>Ansprechpartner<\/strong>: Cenneth L\u00f6hr, Gie\u00dfenerstr. 4 A, Tel.: 06409 \/ 2041<\/p>\n","protected":false},"excerpt":{"rendered":"<p>Auf der Homepage des D\u00fcnsbergvereins, der auf der Kuppe des Berges eine Rastst\u00e4tte betreibt, finden sich Angaben zur Lage, Topographie, Geographie, Geschichte und der Technik des Fernmeldeturms sowie Bilder, ein Archiv und Ank\u00fcndigungen zu Aktivit\u00e4ten.Zur Vermessung der Welt &#8211; dabei spielte der D\u00fcnsberg als herausgehobener Messpunkt eine Rolle &#8211; kann G\u00fcnter Leicht ausgiebig erzhalen.Informatives zum &hellip; <\/p>\n<p class=\"link-more\"><a href=\"https:\/\/geschichte.bibibo.info\/?page_id=283\" class=\"more-link\">Mehr <span class=\"screen-reader-text\">\u00fcber &#8222;D\u00fcnsbergverein&#8220; <\/span>Lesen<\/a><\/p>\n","protected":false},"author":2,"featured_media":0,"parent":0,"menu_order":0,"comment_status":"closed","ping_status":"closed","template":"","meta":{"inspiro_hide_title":false,"footnotes":""},"class_list":["post-283","page","type-page","status-publish","hentry"],"_links":{"self":[{"href":"https:\/\/geschichte.bibibo.info\/index.php?rest_route=\/wp\/v2\/pages\/283","targetHints":{"allow":["GET"]}}],"collection":[{"href":"https:\/\/geschichte.bibibo.info\/index.php?rest_route=\/wp\/v2\/pages"}],"about":[{"href":"https:\/\/geschichte.bibibo.info\/index.php?rest_route=\/wp\/v2\/types\/page"}],"author":[{"embeddable":true,"href":"https:\/\/geschichte.bibibo.info\/index.php?rest_route=\/wp\/v2\/users\/2"}],"replies":[{"embeddable":true,"href":"https:\/\/geschichte.bibibo.info\/index.php?rest_route=%2Fwp%2Fv2%2Fcomments&post=283"}],"version-history":[{"count":1,"href":"https:\/\/geschichte.bibibo.info\/index.php?rest_route=\/wp\/v2\/pages\/283\/revisions"}],"predecessor-version":[{"id":287,"href":"https:\/\/geschichte.bibibo.info\/index.php?rest_route=\/wp\/v2\/pages\/283\/revisions\/287"}],"wp:attachment":[{"href":"https:\/\/geschichte.bibibo.info\/index.php?rest_route=%2Fwp%2Fv2%2Fmedia&parent=283"}],"curies":[{"name":"wp","href":"https:\/\/api.w.org\/{rel}","templated":true}]}}