{"id":240,"date":"2020-04-17T22:22:33","date_gmt":"2020-04-17T22:22:33","guid":{"rendered":"http:\/\/geschichte.bibibo.info\/?page_id=240"},"modified":"2020-06-09T10:07:54","modified_gmt":"2020-06-09T10:07:54","slug":"heimatmuseum-frankenbach","status":"publish","type":"page","link":"https:\/\/geschichte.bibibo.info\/?page_id=240","title":{"rendered":"Heimatmuseum Frankenbach"},"content":{"rendered":"\n<div class=\"wp-block-image\"><figure class=\"aligncenter size-large is-resized\"><img loading=\"lazy\" decoding=\"async\" src=\"https:\/\/geschichte.bibibo.info\/wp-content\/uploads\/2020\/04\/image-20.png\" alt=\"\" class=\"wp-image-243\" width=\"345\" height=\"346\" srcset=\"https:\/\/geschichte.bibibo.info\/wp-content\/uploads\/2020\/04\/image-20.png 477w, https:\/\/geschichte.bibibo.info\/wp-content\/uploads\/2020\/04\/image-20-300x300.png 300w, https:\/\/geschichte.bibibo.info\/wp-content\/uploads\/2020\/04\/image-20-150x150.png 150w\" sizes=\"auto, (max-width: 345px) 100vw, 345px\" \/><figcaption>historischer Ofen<\/figcaption><\/figure><\/div>\n\n\n\n<p>&#8222;Das Museum zeigt Ger\u00e4tschaften unserer b\u00e4uerlichen Vorfahren, die bei der Strohernte und der Getreideverarbeitung ben\u00f6tigt wurden, so u.a. eine Feegm\u00fchle. <br>Eine Sammlung von Eisenschlacken macht deutlich, dass es Schmelzst\u00e4tten in der N\u00e4he gegeben hat. <br>Die Arbeitspl\u00e4tze eines Schusters und einer Zigarrendreherin sowie ein Spinnrad sind hier ebenfalls zu sehen. <br>Im Treppenaufgang kann man alle Arbeitsschritte der Herstellung von Bauernbrot verfolgen. <br>Ferner findet man bildliche Darstellungen zum Leben in den zwischen 800 und 1300 besiedelten W\u00fcstungen Gilbertshausen und Melmertshausen. <br>Im ersten Stock befinden sich eine Bauernstube, ein Schlafraum, eine K\u00fcche und ein kleiner Schulraum, die mit den jeweils entsprechenden M\u00f6beln des 18. und 19. Jahrhunderts ausgestattet sind, erg\u00e4nzt durch zahlreiche Gegenst\u00e4nde f\u00fcr den t\u00e4glichen Gebrauch, wie ein Kohleherd, K\u00fcchenger\u00e4te und traditionelle Kleidungsst\u00fccke&#8220;, ist auf <a href=\"http:\/\/museen.de\/heimatmuseum-frankenbach-biebertal.html\">Museen.de<\/a> \u00fcber dies Heimatmuseum zu lesen.<\/p>\n\n\n\n<p> <strong>Adresse:<\/strong>\u00a0Heimatmuseum Frankenbach,\u00a0Kirchstra\u00dfe 20, 35444 Biebertal, Ortsteil Frankenbach<br><strong>Ansprechpartner<\/strong>: Ekkehard L\u00f6w, Tilsiter Str. 14, Rodheim-Bieber, Tel.: 06409 \/ 7489<br><strong>\u00d6ffnungszeiten:\u00a0<\/strong>1. Mai &#8211; 30. September jeweils am 1. Sonntag im Monat 14 &#8211; 16 Uhr <br><strong>Eintritt:\u00a0<\/strong>frei<br><strong>Infos:\u00a0<\/strong>Tel.: 06446 \/ 25 47 (Alma Hardt) oder\u00a006409 \/ 74 89 (E. L\u00f6w)<br><strong>Mail<\/strong>: <a href=\"hugv-frankenbach@gmx.de\">hugv-frankenbach@gmx.de<\/a><\/p>\n\n\n\n<p>Klaus Moos schrieb 2019 \u00fcber <a href=\"https:\/\/www.giessener-allgemeine.de\/kreis-giessen\/biebertal-ort848760\/geschichtsverein-plant-erneuerungen-museum-12160044.html\">Erneuerungen im Heimatmuseum<\/a>.<\/p>\n","protected":false},"excerpt":{"rendered":"<p>&#8222;Das Museum zeigt Ger\u00e4tschaften unserer b\u00e4uerlichen Vorfahren, die bei der Strohernte und der Getreideverarbeitung ben\u00f6tigt wurden, so u.a. eine Feegm\u00fchle. Eine Sammlung von Eisenschlacken macht deutlich, dass es Schmelzst\u00e4tten in der N\u00e4he gegeben hat. Die Arbeitspl\u00e4tze eines Schusters und einer Zigarrendreherin sowie ein Spinnrad sind hier ebenfalls zu sehen. Im Treppenaufgang kann man alle Arbeitsschritte &hellip; <\/p>\n<p class=\"link-more\"><a href=\"https:\/\/geschichte.bibibo.info\/?page_id=240\" class=\"more-link\">Mehr <span class=\"screen-reader-text\">\u00fcber &#8222;Heimatmuseum Frankenbach&#8220; <\/span>Lesen<\/a><\/p>\n","protected":false},"author":2,"featured_media":0,"parent":0,"menu_order":0,"comment_status":"closed","ping_status":"closed","template":"","meta":{"inspiro_hide_title":false,"footnotes":""},"class_list":["post-240","page","type-page","status-publish","hentry"],"_links":{"self":[{"href":"https:\/\/geschichte.bibibo.info\/index.php?rest_route=\/wp\/v2\/pages\/240","targetHints":{"allow":["GET"]}}],"collection":[{"href":"https:\/\/geschichte.bibibo.info\/index.php?rest_route=\/wp\/v2\/pages"}],"about":[{"href":"https:\/\/geschichte.bibibo.info\/index.php?rest_route=\/wp\/v2\/types\/page"}],"author":[{"embeddable":true,"href":"https:\/\/geschichte.bibibo.info\/index.php?rest_route=\/wp\/v2\/users\/2"}],"replies":[{"embeddable":true,"href":"https:\/\/geschichte.bibibo.info\/index.php?rest_route=%2Fwp%2Fv2%2Fcomments&post=240"}],"version-history":[{"count":7,"href":"https:\/\/geschichte.bibibo.info\/index.php?rest_route=\/wp\/v2\/pages\/240\/revisions"}],"predecessor-version":[{"id":648,"href":"https:\/\/geschichte.bibibo.info\/index.php?rest_route=\/wp\/v2\/pages\/240\/revisions\/648"}],"wp:attachment":[{"href":"https:\/\/geschichte.bibibo.info\/index.php?rest_route=%2Fwp%2Fv2%2Fmedia&parent=240"}],"curies":[{"name":"wp","href":"https:\/\/api.w.org\/{rel}","templated":true}]}}