{"id":206,"date":"2020-04-17T19:01:00","date_gmt":"2020-04-17T19:01:00","guid":{"rendered":"http:\/\/geschichte.bibibo.info\/?page_id=206"},"modified":"2020-04-17T19:01:00","modified_gmt":"2020-04-17T19:01:00","slug":"gailscher-park","status":"publish","type":"page","link":"https:\/\/geschichte.bibibo.info\/?page_id=206","title":{"rendered":"Gailscher Park"},"content":{"rendered":"\n<div class=\"wp-block-image\"><figure class=\"aligncenter size-large\"><img loading=\"lazy\" decoding=\"async\" width=\"350\" height=\"220\" src=\"https:\/\/geschichte.bibibo.info\/wp-content\/uploads\/2020\/04\/image-17.png\" alt=\"\" class=\"wp-image-211\" srcset=\"https:\/\/geschichte.bibibo.info\/wp-content\/uploads\/2020\/04\/image-17.png 350w, https:\/\/geschichte.bibibo.info\/wp-content\/uploads\/2020\/04\/image-17-300x189.png 300w, https:\/\/geschichte.bibibo.info\/wp-content\/uploads\/2020\/04\/image-17-280x175.png 280w\" sizes=\"auto, (max-width: 350px) 100vw, 350px\" \/><figcaption>\u00f6ffentliche F\u00fchrungen im Gail\u00b4schen Park<br><\/figcaption><\/figure><\/div>\n\n\n\n<p>Zu dem Thema  <strong>englische Landschaftspark in Rodheim<\/strong> gibt es kaum eine bessere Seite, als die des <strong><a href=\"https:\/\/www.gailscherpark.de\/\">Freundeskreises Gail\u00b4scher Park<\/a><\/strong>.; wenngleich auch <strong><a href=\"https:\/\/de.wikipedia.org\/wiki\/Gail%E2%80%99scher_Park\">Wikipedia <\/a><\/strong>einiges zu dem ca. 2,8 ha gro\u00dfen Landschaftspark mit einer Villa,  Bienenhaus, Spielhaus, Schweizer Haus. Teichhaus und Uhrenturm zu lesen aufweiset. Das Ensemble wurde in den Jahren 1880 bis 1900 im Auftrag des Gie\u00dfener Tabak- Zigarren- und Keramikfabrikanten Gail angelegt. Selbstverst\u00e4ndlich berichtet auch die <strong><a href=\"http:\/\/www.gleiberger-land.de\/index.php?id=13\">Touristik Kooperation Gleiberger Land<\/a><\/strong> \u00fcber das Kleinod. Einen sch\u00f6nen Blick auf das Anwesen bekommt man auch \u00fcber die Seite der <strong><a href=\"https:\/\/landschaftsarchitektur-heute.de\/themen\/100-besondere-orte\/details\/1970\">Landschaftsarchitektur heute<\/a><\/strong> oder ein <strong><a href=\"https:\/\/www.youtube.com\/watch?v=3SVFOp40aIM\">youtube video<\/a><\/strong>.<\/p>\n\n\n\n<p><\/p>\n","protected":false},"excerpt":{"rendered":"<p>Zu dem Thema englische Landschaftspark in Rodheim gibt es kaum eine bessere Seite, als die des Freundeskreises Gail\u00b4scher Park.; wenngleich auch Wikipedia einiges zu dem ca. 2,8 ha gro\u00dfen Landschaftspark mit einer Villa, Bienenhaus, Spielhaus, Schweizer Haus. Teichhaus und Uhrenturm zu lesen aufweiset. Das Ensemble wurde in den Jahren 1880 bis 1900 im Auftrag des &hellip; <\/p>\n<p class=\"link-more\"><a href=\"https:\/\/geschichte.bibibo.info\/?page_id=206\" class=\"more-link\">Mehr <span class=\"screen-reader-text\">\u00fcber &#8222;Gailscher Park&#8220; <\/span>Lesen<\/a><\/p>\n","protected":false},"author":2,"featured_media":0,"parent":0,"menu_order":0,"comment_status":"closed","ping_status":"closed","template":"","meta":{"inspiro_hide_title":false,"footnotes":""},"class_list":["post-206","page","type-page","status-publish","hentry"],"_links":{"self":[{"href":"https:\/\/geschichte.bibibo.info\/index.php?rest_route=\/wp\/v2\/pages\/206","targetHints":{"allow":["GET"]}}],"collection":[{"href":"https:\/\/geschichte.bibibo.info\/index.php?rest_route=\/wp\/v2\/pages"}],"about":[{"href":"https:\/\/geschichte.bibibo.info\/index.php?rest_route=\/wp\/v2\/types\/page"}],"author":[{"embeddable":true,"href":"https:\/\/geschichte.bibibo.info\/index.php?rest_route=\/wp\/v2\/users\/2"}],"replies":[{"embeddable":true,"href":"https:\/\/geschichte.bibibo.info\/index.php?rest_route=%2Fwp%2Fv2%2Fcomments&post=206"}],"version-history":[{"count":2,"href":"https:\/\/geschichte.bibibo.info\/index.php?rest_route=\/wp\/v2\/pages\/206\/revisions"}],"predecessor-version":[{"id":214,"href":"https:\/\/geschichte.bibibo.info\/index.php?rest_route=\/wp\/v2\/pages\/206\/revisions\/214"}],"wp:attachment":[{"href":"https:\/\/geschichte.bibibo.info\/index.php?rest_route=%2Fwp%2Fv2%2Fmedia&parent=206"}],"curies":[{"name":"wp","href":"https:\/\/api.w.org\/{rel}","templated":true}]}}